
False
Is 2144078687 a prime number?
True
Is 2859554699 composite?
False
Is 356802829 a prime number?
True
Is 1191516481 composite?
False
Is 1667307887 a composite number?
True
Is 318348649 composite?
False
Is 118535626931 prime?
False
Is 317514329 a prime number?
False
Is 34566907093 prime?
False
Is 15420802687 composite?
True
Is 460287769 composite?
False
Is 752978419 a composite number?
False
Is 208244501 prime?
True
Is 4057638539 prime?
False
Is 593123177 a composite number?
False
Is 581118457 prime?
False
Is 5370096917 composite?
False
Is 71468749181 a prime number?
True
Is 5427593683 a prime number?
False
Is 47268679691 a prime number?
True
Is 41991403 prime?
True
Is 30098755543 prime?
False
Is 22018761133 composite?
True
Is 813578959 a prime number?
False
Is 2896476239 composite?
True
Is 191400469 a prime number?
False
Is 43247118539 a prime number?
False
Is 123249083 a prime number?
True
Is 5299880749 prime?
True
Is 11063128939 prime?
True
Is 18888598487 prime?
False
Is 11317453507 prime?
False
Is 81008228659 a prime number?
False
Is 50255247253 composite?
False
Is 9226962469 a composite number?
True
Is 1382036347 a prime number?
True
Is 4752315517 a prime number?
False
Is 5695651761 a prime number?
False
Is 2325640943 a composite number?
False
Is 103977427741 prime?
False
Is 518572451 composite?
True
Is 200816641 composite?
False
Is 82798337 a prime number?
True
Is 1729532977 a prime number?
False
Is 579261079 a composite number?
True
Is 53990791 composite?
True
Is 2827416373 prime?
True
Is 584371681 prime?
True
Is 1275269509 composite?
True
Is 314253748621 a composite number?
False
Is 2852901409 composite?
False
Is 46791320921 a composite number?
False
Is 18728847853 composite?
True
Is 4949433383 composite?
True
Is 28148734529 a composite number?
True
Is 14605091989 prime?
False
Is 2811027643 a composite number?
True
Is 55138267 a composite number?
False
Is 421296559 composite?
False
Is 19514237681 prime?
True
Is 550440413 a prime number?
False
Is 83520952717 a prime number?
True
Is 1313769509 a composite number?
True
Is 1719956983 a prime number?
True
Is 86230723627 a prime number?
False
Is 481513951 prime?
True
Is 127332298 composite?
True
Is 2752792589 composite?
True
Is 22538917405 composite?
True
Is 5177419669 a prime number?
False
Is 905023417 prime?
True
Is 1310256383 composite?
True
Is 12932999542 prime?
False
Is 4508984633 composite?
False
Is 10834276877 a prime number?
True
Is 1907136901 composite?
False
Is 6394390391 a prime number?
True
Is 121206676627 a prime number?
False
Is 196151867 a composite number?
True
Is 29601674581 a prime number?
False
Is 603335255 composite?
True
Is 6769397563 a composite number?
False
Is 7367152531 composite?
False
Is 20390161159 prime?
False
Is 1121350859 a prime number?
False
Is 2702769857 a prime number?
False
Is 19518189599 composite?
True
Is 1294914263 a composite number?
False
Is 5401950689 a composite number?
True
Is 12638382737 a composite number?
True
Is 5191264313 a prime number?
False
Is 133383014957 a prime number?
True
Is 5617430777 a composite number?
True
Is 1916964097 composite?
False
Is 25962224077 a composite number?
True
Is 1184066699 composite?
True
Is 1561117163 prime?
True
Is 62584647193 prime?
True
Is 839099843 a composite number?
True
Is 8868928597 a composite number?
True
Is 1765286339 a composite number?
True
Is 10707286189 a prime number?
True
Is 7499932217 a prime number?
False
Is 1905383093 prime?
True
Is 5899925167 a composite number?
True
Is 60357739703 a prime number?
True
Is 61284060385 a prime number?
False
Is 406018001 a prime number?
False
Is 219750943 composite?
False
Is 5720214307 a prime number?
False
Is 7211521997 a composite number?
True
Is 3506981291 composite?
True
Is 8649886081 composite?
True
Is 107541759359 composite?
False
Is 263449019 a composite number?
False
Is 531570071 prime?
True
Is 559031789 prime?
True
Is 18422439617 a composite number?
False
Is 41453019437 composite?
True
Is 764755807 composite?
False
Is 11339068621 prime?
False
Is 22154043677 prime?
True
Is 2163714583 composite?
True
Is 361118038081 composite?
False
Is 31635290969 prime?
True
Is 52768593305 prime?
False
Is 5587348685 a prime number?
False
Is 8031719347 composite?
True
Is 114071695037 a prime number?
False
Is 2376915529 a prime number?
True
Is 139028887 a composite number?
False
Is 758873513 prime?
True
Is 72237079 a prime number?
True
Is 394520627 composite?
False
Is 818551159 a prime number?
False
Is 772361917 a prime number?
False
Is 335153111 prime?
False
Is 1327270493 a composite number?
False
Is 37280819629 a composite number?
True
Is 1138747301 prime?
False
Is 439049458 prime?
False
Is 61573 prime?
False
Is 1660358033 a composite number?
True
Is 1416759937 prime?
True
Is 1083750403 prime?
False
Is 6663680239 composite?
False
Is 391499777 a composite number?
False
Is 6989604091 composite?
True
Is 3366582047 composite?
False
Is 14771764115 prime?
False
Is 5040905767 a composite number?
False
Is 534582389 a composite number?
True
Is 15643603583 a composite number?
True
Is 7693180657 a prime number?
True
Is 10132847663 a prime number?
True
Is 56921773 a prime number?
True
Is 1297534097 a composite number?
False
Is 5221949069 composite?
False
Is 22963281821 prime?
False
Is 435945819 prime?
False
Is 69977807 a prime number?
True
Is 21291406733 a composite number?
False
Is 43563234697 composite?
False
Is 674282923 composite?
False
Is 368975209 composite?
True
Is 3583674541 a prime number?
True
Is 6255260387 a prime number?
False
Is 49874685362 a composite number?
True
Is 1448078587 a composite number?
False
Is 6440182033 composite?
False
Is 2839808549 a composite number?
False
Is 1007826277 a prime number?
True
Is 831922493 prime?
False
Is 290597443 composite?
False
Is 1018476941 composite?
True
Is 35362375861 prime?
False
Is 3597551653 composite?
False
Is 868788682 composite?
True
Is 10944767777 a prime number?
True
Is 140137782209 a composite number?
False
Is 73042870085 composite?
True
Is 5468278654 composite?
True
Is 36530287337 prime?
False
Is 774999697 a prime number?
False
Is 93197173 composite?
True
Is 949319317 prime?
True
Is 31882809701 a prime number?
True
Is 5953442081 composite?
False
Is 6361116557 a prime number?
True
Is 38547511 a composite number?
True
Is 440709487 prime?
True
Is 8723786261 a composite number?
False
Is 517429987 composite?
False
Is 1120344083 prime?
False
Is 3559833545 composite?
True
Is 485780419 a prime number?
False
Is 15301757159 prime?
False
Is 34323564311 composite?
False
Is 167905657 composite?
False
Is 172189569301 a prime number?
False
Is 1053111851 a prime number?
False
Is 7952743613 a composite number?
False
Is 242612790481 composite?
False
Is 877720331 a prime number?
True
Is 22054432573 a prime number?
True
Is 113673523069 prime?
True
Is 35525716363 composite?
False
Is 50751149 composite?
False
Is 3239321429 prime?
True
Is 2326161563 prime?
False
Is 339696337 prime?
False
Is 816123031 composite?
False
Is 10803426211 composite?
False
Is 16828442467 a composite number?
True
Is 535479653 a composite number?
False
Is 1870359263 a prime number?
False
Is 503717099 prime?
True
Is 4956375583 a prime number?
True
Is 6484936663 a composite number?
False
Is 485270939869 a composite number?
False
Is 5272430477 a prime number?
False
Is 1119199217 composite?
False
Is 797765861 prime?
True
Is 1102471229 composite?
True
Is 21827471 a prime number?
True
Is 77824882237 a composite number?
True
Is 56121916759 prime?
False
Is 28026882109 a composite number?
False
Is 46587208147 a composite number?
True
Is 44328455141 prime?
False
Is 102706126 prime?
False
Is 26505314879 a composite number?
False
Is 24948745691 prime?
False
Is 93481627 prime?
True
Is 158989524985 prime?
False
Is 13182496907 composite?
False
Is 2388473095 composite?
True
Is 1244017651 a composite number?
False
Is 799696013 prime?
False
Is 24702481 a composite number?
False
Is 36273389 a composite number?
True
Is 2578420139 a composite number?
True
Is 344529583 composite?
True
Is 1718826943 a prime number?
True
Is 16595828087 a composite number?
True
Is 14608289947 prime?
True
Is 1356991617 a composite number?
True
Is 3224196947 composite?
False
Is 12055011233 prime?
True
Is 